{"id":236,"date":"2020-03-07T23:35:44","date_gmt":"2020-03-07T22:35:44","guid":{"rendered":"https:\/\/www.mediapartizan.at\/?page_id=236"},"modified":"2022-08-28T18:02:30","modified_gmt":"2022-08-28T16:02:30","slug":"impressum-u-urheberrecht","status":"publish","type":"page","link":"https:\/\/www.mediapartizan.at\/?page_id=236","title":{"rendered":"Impressum u. Urheberrecht"},"content":{"rendered":"<p><\/p>\n<p>Inhaber der Website: Franz Miklautz, Journalist, Postfach 0003, 9010 Klagenfurt. E-Mail: franzmiklautz@mediapartizan.at (Ersatzadresse: redaktion@mediapartizan.at).<br \/>Mobil: +43 (0) 660 233 24 02<br \/>Grundlegende Richtung der Website: Blog zur F\u00f6rderung des investigativen Journalismus in \u00d6sterreich.<br \/>Ausnahmslos alle Inhalte und Daten dieser Webseite sind urheberrechtlich gesch\u00fctzt. Sie d\u00fcrfen von nichtkommerziellen Medien (Vereinen, gemeinwohlorientierten Organisationen) bei eigenem Risiko kostenfrei \u00fcbernommen werden. Dies gilt auch f\u00fcr kommerzielle und gewerbliche Medien und Unternehmen &#8211; hier gilt allerdings die Verpflichtung, Mediapartizan.at als Quelle zu zitieren (Nennungspflicht).<\/p>\n<p><\/p>\n<p><\/p>\n<p>Haftungsausschluss: Mit der \u00dcbernahme von Inhalten und Daten (jedweder Art) ist ausnahmslos auch die \u00dcbernahme des Haftungsrisikos der Speicherung bzw. der Ver\u00f6ffentlichung der Inhalte, Unterlagen und jedweder Art von Daten und ihrer Darstellung verbunden. Der \u00dcbernehmer erkl\u00e4rt sich ausnahmslos bereit und verpflichtet sich, Mediapartizan.at bzw. den oder die Inhaber bzw. den oder die Betreiber bzw. jeden Mitarbeiter von Mediapartizan.at schad- und klaglos zu halten und die Haftung f\u00fcr etwaig entstandene oder in Zukunft noch entstehende Sch\u00e4den vollumf\u00e4nglich selbst zu tragen. <br \/>Jede Haftung f\u00fcr unmittelbare, mittelbare oder sonstige Sch\u00e4den wird vom Webseiten-Betreiber ausnahmslos ausgeschlossen \u2013 unabh\u00e4ngig von deren Ursachen, die aus deren Nutzung bzw. Benutzung und\/oder der Nichtverf\u00fcgbarkeit der Daten und Informationen dieser Webseite erwachsen k\u00f6nnen. Dasselbe gilt auch f\u00fcr die Speicherung von Daten und Inhalten von Mediapartizan.at in Datenbanken \u00fcbernehmender Organisationen oder Unternehmen oder Medien.<\/p>\n<p><\/p>\n<p><\/p>\n<p>Im Hinblick auf die technischen Eigenschaften des Internet kann keine Gew\u00e4hr f\u00fcr die Authentizit\u00e4t, Richtigkeit und Vollst\u00e4ndigkeit der im Internet zur Verf\u00fcgung gestellten Informationen \u00fcbernommen werden. Es wird auch keine Gew\u00e4hr f\u00fcr die Verf\u00fcgbarkeit oder den Betrieb der gegenst\u00e4ndlichen Webseite oder ihrer Inhalte \u00fcbernommen. <\/p>\n<p><\/p>\n<p><\/p>\n<p>Jede Weitergabe von Inhalten, Unterlagen oder jedweder anderer Daten von Mediapartizan.at an Dritte \u2013 auch in Teilen \u2013 ist ohne ausdr\u00fcckliche Zustimmung von Mediapartizan.at&nbsp;untersagt.<\/p>\n<p><\/p>\n<p><\/p>\n<p>Mit der Aufnahme\/dem Abonnement unseres Investigativ-Newsletters stimmt der Abonnent zu, dass seine Daten informationstechnisch bzw. zu Marketingzwecken gesammelt und weiterverarbeitet werden k\u00f6nnen. Er stimmt weiters zu, dass seine Daten der Mailingplattform &#8222;Mailchimp&#8220;, an welche unser Investigativ-Newsletter technisch bzw. den Versand betreffend angebunden ist, zur Informationsverarbeitung bzw. f\u00fcr Marketingzwecke zur Verf\u00fcgung gestellt wird. Er verpflichtet sich mit der Inanspruchnahme des Abonnements weiters, Mediapartizan.at bzw. seine Inhaber, Betreiber, aber auch jeden einzelnen Mitarbeiter betreffend Haftung f\u00fcr etwaig entstandene reale oder ideele Sch\u00e4den schad- und klaglos zu halten. Dies gilt auch f\u00fcr alle zuk\u00fcnftigen Sch\u00e4den.<\/p>\n<p><\/p>\n<p><\/p>\n<p>Herstellungs- und Erscheinungsort: Klagenfurt, \u00d6sterreich<br \/>Gerichtsstand: Klagenfurt, \u00d6sterreich<\/p>\n<p><\/p>\n<p><\/p>\n<p><\/p>\n<p><\/p>\n<p><\/p>\n<p><\/p>\n<p><\/p>\n<p><\/p>\n<p><\/p>\n","protected":false},"excerpt":{"rendered":"<div class=\"mh-excerpt\"><p>Inhaber der Website: Franz Miklautz, Journalist, Postfach 0003, 9010 Klagenfurt. E-Mail: franzmiklautz@mediapartizan.at (Ersatzadresse: redaktion@mediapartizan.at).Mobil: +43 (0) 660 233 24 02Grundlegende Richtung der Website: Blog zur F\u00f6rderung des investigativen Journalismus in \u00d6sterreich.Ausnahmslos alle Inhalte und Daten <a class=\"mh-excerpt-more\" href=\"https:\/\/www.mediapartizan.at\/?page_id=236\" title=\"Impressum u. Urheberrecht\">[&#8230;]<\/a><\/p>\n<\/div>","protected":false},"author":2,"featured_media":0,"parent":0,"menu_order":20,"comment_status":"closed","ping_status":"closed","template":"","meta":{"inline_featured_image":false,"footnotes":""},"class_list":["post-236","page","type-page","status-publish"],"yoast_head":"<!-- This site is optimized with the Yoast SEO plugin v20.10 - https:\/\/yoast.com\/wordpress\/plugins\/seo\/ -->\n<title>Impressum u. Urheberrecht - Mediapartizan.at<\/title>\n<meta name=\"robots\" content=\"index, follow, max-snippet:-1, max-image-preview:large, max-video-preview:-1\" \/>\n<link rel=\"canonical\" href=\"https:\/\/www.mediapartizan.at\/?page_id=236\" \/>\n<meta property=\"og:locale\" content=\"de_DE\" \/>\n<meta property=\"og:type\" content=\"article\" \/>\n<meta property=\"og:title\" content=\"Impressum u. Urheberrecht - Mediapartizan.at\" \/>\n<meta property=\"og:description\" content=\"Inhaber der Website: Franz Miklautz, Journalist, Postfach 0003, 9010 Klagenfurt. E-Mail: franzmiklautz@mediapartizan.at (Ersatzadresse: redaktion@mediapartizan.at).Mobil: +43 (0) 660 233 24 02Grundlegende Richtung der Website: Blog zur F\u00f6rderung des investigativen Journalismus in \u00d6sterreich.Ausnahmslos alle Inhalte und Daten [...]\" \/>\n<meta property=\"og:url\" content=\"https:\/\/www.mediapartizan.at\/?page_id=236\" \/>\n<meta property=\"og:site_name\" content=\"Mediapartizan.at\" \/>\n<meta property=\"article:modified_time\" content=\"2022-08-28T16:02:30+00:00\" \/>\n<meta name=\"twitter:card\" content=\"summary_large_image\" \/>\n<meta name=\"twitter:label1\" content=\"Gesch\u00e4tzte Lesezeit\" \/>\n\t<meta name=\"twitter:data1\" content=\"3\u00a0Minuten\" \/>\n<script type=\"application\/ld+json\" class=\"yoast-schema-graph\">{\"@context\":\"https:\/\/schema.org\",\"@graph\":[{\"@type\":\"WebPage\",\"@id\":\"https:\/\/www.mediapartizan.at\/?page_id=236\",\"url\":\"https:\/\/www.mediapartizan.at\/?page_id=236\",\"name\":\"Impressum u. Urheberrecht - Mediapartizan.at\",\"isPartOf\":{\"@id\":\"https:\/\/www.mediapartizan.at\/#website\"},\"datePublished\":\"2020-03-07T22:35:44+00:00\",\"dateModified\":\"2022-08-28T16:02:30+00:00\",\"breadcrumb\":{\"@id\":\"https:\/\/www.mediapartizan.at\/?page_id=236#breadcrumb\"},\"inLanguage\":\"de\",\"potentialAction\":[{\"@type\":\"ReadAction\",\"target\":[\"https:\/\/www.mediapartizan.at\/?page_id=236\"]}]},{\"@type\":\"BreadcrumbList\",\"@id\":\"https:\/\/www.mediapartizan.at\/?page_id=236#breadcrumb\",\"itemListElement\":[{\"@type\":\"ListItem\",\"position\":1,\"name\":\"Startseite\",\"item\":\"https:\/\/www.mediapartizan.at\/\"},{\"@type\":\"ListItem\",\"position\":2,\"name\":\"Impressum u. Urheberrecht\"}]},{\"@type\":\"WebSite\",\"@id\":\"https:\/\/www.mediapartizan.at\/#website\",\"url\":\"https:\/\/www.mediapartizan.at\/\",\"name\":\"Mediapartizan.at\",\"description\":\"\",\"potentialAction\":[{\"@type\":\"SearchAction\",\"target\":{\"@type\":\"EntryPoint\",\"urlTemplate\":\"https:\/\/www.mediapartizan.at\/?s={search_term_string}\"},\"query-input\":\"required name=search_term_string\"}],\"inLanguage\":\"de\"}]}<\/script>\n<!-- \/ Yoast SEO plugin. -->","yoast_head_json":{"title":"Impressum u. Urheberrecht - Mediapartizan.at","robots":{"index":"index","follow":"follow","max-snippet":"max-snippet:-1","max-image-preview":"max-image-preview:large","max-video-preview":"max-video-preview:-1"},"canonical":"https:\/\/www.mediapartizan.at\/?page_id=236","og_locale":"de_DE","og_type":"article","og_title":"Impressum u. Urheberrecht - Mediapartizan.at","og_description":"Inhaber der Website: Franz Miklautz, Journalist, Postfach 0003, 9010 Klagenfurt. E-Mail: franzmiklautz@mediapartizan.at (Ersatzadresse: redaktion@mediapartizan.at).Mobil: +43 (0) 660 233 24 02Grundlegende Richtung der Website: Blog zur F\u00f6rderung des investigativen Journalismus in \u00d6sterreich.Ausnahmslos alle Inhalte und Daten [...]","og_url":"https:\/\/www.mediapartizan.at\/?page_id=236","og_site_name":"Mediapartizan.at","article_modified_time":"2022-08-28T16:02:30+00:00","twitter_card":"summary_large_image","twitter_misc":{"Gesch\u00e4tzte Lesezeit":"3\u00a0Minuten"},"schema":{"@context":"https:\/\/schema.org","@graph":[{"@type":"WebPage","@id":"https:\/\/www.mediapartizan.at\/?page_id=236","url":"https:\/\/www.mediapartizan.at\/?page_id=236","name":"Impressum u. Urheberrecht - Mediapartizan.at","isPartOf":{"@id":"https:\/\/www.mediapartizan.at\/#website"},"datePublished":"2020-03-07T22:35:44+00:00","dateModified":"2022-08-28T16:02:30+00:00","breadcrumb":{"@id":"https:\/\/www.mediapartizan.at\/?page_id=236#breadcrumb"},"inLanguage":"de","potentialAction":[{"@type":"ReadAction","target":["https:\/\/www.mediapartizan.at\/?page_id=236"]}]},{"@type":"BreadcrumbList","@id":"https:\/\/www.mediapartizan.at\/?page_id=236#breadcrumb","itemListElement":[{"@type":"ListItem","position":1,"name":"Startseite","item":"https:\/\/www.mediapartizan.at\/"},{"@type":"ListItem","position":2,"name":"Impressum u. Urheberrecht"}]},{"@type":"WebSite","@id":"https:\/\/www.mediapartizan.at\/#website","url":"https:\/\/www.mediapartizan.at\/","name":"Mediapartizan.at","description":"","potentialAction":[{"@type":"SearchAction","target":{"@type":"EntryPoint","urlTemplate":"https:\/\/www.mediapartizan.at\/?s={search_term_string}"},"query-input":"required name=search_term_string"}],"inLanguage":"de"}]}},"jetpack_sharing_enabled":true,"_links":{"self":[{"href":"https:\/\/www.mediapartizan.at\/index.php?rest_route=\/wp\/v2\/pages\/236","targetHints":{"allow":["GET"]}}],"collection":[{"href":"https:\/\/www.mediapartizan.at\/index.php?rest_route=\/wp\/v2\/pages"}],"about":[{"href":"https:\/\/www.mediapartizan.at\/index.php?rest_route=\/wp\/v2\/types\/page"}],"author":[{"embeddable":true,"href":"https:\/\/www.mediapartizan.at\/index.php?rest_route=\/wp\/v2\/users\/2"}],"replies":[{"embeddable":true,"href":"https:\/\/www.mediapartizan.at\/index.php?rest_route=%2Fwp%2Fv2%2Fcomments&post=236"}],"version-history":[{"count":16,"href":"https:\/\/www.mediapartizan.at\/index.php?rest_route=\/wp\/v2\/pages\/236\/revisions"}],"predecessor-version":[{"id":3784,"href":"https:\/\/www.mediapartizan.at\/index.php?rest_route=\/wp\/v2\/pages\/236\/revisions\/3784"}],"wp:attachment":[{"href":"https:\/\/www.mediapartizan.at\/index.php?rest_route=%2Fwp%2Fv2%2Fmedia&parent=236"}],"curies":[{"name":"wp","href":"https:\/\/api.w.org\/{rel}","templated":true}]}}